{"id":77864,"date":"2023-01-12T16:42:49","date_gmt":"2023-01-12T15:42:49","guid":{"rendered":"https:\/\/the7.io\/elementor-creative-dark\/?page_id=77864"},"modified":"2023-09-22T07:43:19","modified_gmt":"2023-09-22T05:43:19","slug":"directoras","status":"publish","type":"page","link":"https:\/\/onstage.com.sv\/index.php\/directoras\/","title":{"rendered":"Conoce a las Directoras"},"content":{"rendered":"\t\t<div data-elementor-type=\"wp-page\" data-elementor-id=\"77864\" class=\"elementor elementor-77864\" data-elementor-post-type=\"page\">\n\t\t\t\t\t\t<section class=\"elementor-section elementor-top-section elementor-element elementor-element-da35142 elementor-section-boxed elementor-section-height-default elementor-section-height-default\" data-id=\"da35142\" data-element_type=\"section\" data-e-type=\"section\">\n\t\t\t\t\t\t<div class=\"elementor-container elementor-column-gap-wide\">\n\t\t\t\t\t<div class=\"elementor-column elementor-col-100 elementor-top-column elementor-element elementor-element-eb13848\" data-id=\"eb13848\" data-element_type=\"column\" data-e-type=\"column\">\n\t\t\t<div class=\"elementor-widget-wrap elementor-element-populated\">\n\t\t\t\t\t\t<div class=\"elementor-element elementor-element-c72b6be elementor-widget elementor-widget-heading\" data-id=\"c72b6be\" data-element_type=\"widget\" data-e-type=\"widget\" data-widget_type=\"heading.default\">\n\t\t\t\t<div class=\"elementor-widget-container\">\n\t\t\t\t\t<h3 class=\"elementor-heading-title elementor-size-default\">Cada vez que se abre el Tel\u00f3n el arte cobra vida!<\/h3>\t\t\t\t<\/div>\n\t\t\t\t<\/div>\n\t\t\t\t\t<\/div>\n\t\t<\/div>\n\t\t\t\t\t<\/div>\n\t\t<\/section>\n\t\t\t\t<section class=\"elementor-section elementor-top-section elementor-element elementor-element-f533675 elementor-section-height-min-height elementor-section-items-stretch elementor-section-boxed elementor-section-height-default\" data-id=\"f533675\" data-element_type=\"section\" data-e-type=\"section\">\n\t\t\t\t\t\t<div class=\"elementor-container elementor-column-gap-wide\">\n\t\t\t\t\t<div class=\"elementor-column elementor-col-50 elementor-top-column elementor-element elementor-element-bc8e2c6\" data-id=\"bc8e2c6\" data-element_type=\"column\" data-e-type=\"column\">\n\t\t\t<div class=\"elementor-widget-wrap elementor-element-populated\">\n\t\t\t\t\t\t<div class=\"elementor-element elementor-element-994e7c3 elementor-widget elementor-widget-image\" data-id=\"994e7c3\" data-element_type=\"widget\" data-e-type=\"widget\" data-widget_type=\"image.default\">\n\t\t\t\t<div class=\"elementor-widget-container\">\n\t\t\t\t\t\t\t\t\t\t\t\t\t\t\t<img decoding=\"async\" src=\"https:\/\/onstage.com.sv\/wp-content\/uploads\/elementor\/thumbs\/fotoMariaElena-qcmizbpizll3lg118k2ke3puozh61q5chk6wdw9yqw.png\" title=\"fotoMariaElena\" alt=\"fotoMariaElena\" loading=\"lazy\" \/>\t\t\t\t\t\t\t\t\t\t\t\t\t\t\t<\/div>\n\t\t\t\t<\/div>\n\t\t\t\t\t<\/div>\n\t\t<\/div>\n\t\t\t\t<div class=\"elementor-column elementor-col-50 elementor-top-column elementor-element elementor-element-12e55cd\" data-id=\"12e55cd\" data-element_type=\"column\" data-e-type=\"column\">\n\t\t\t<div class=\"elementor-widget-wrap elementor-element-populated\">\n\t\t\t\t\t\t<div class=\"elementor-element elementor-element-6a65c11 elementor-widget elementor-widget-heading\" data-id=\"6a65c11\" data-element_type=\"widget\" data-e-type=\"widget\" data-widget_type=\"heading.default\">\n\t\t\t\t<div class=\"elementor-widget-container\">\n\t\t\t\t\t<h4 class=\"elementor-heading-title elementor-size-default\">Mar\u00eda Elena Aranda<\/h4>\t\t\t\t<\/div>\n\t\t\t\t<\/div>\n\t\t\t\t<div class=\"elementor-element elementor-element-c8f1622 elementor-widget elementor-widget-text-editor\" data-id=\"c8f1622\" data-element_type=\"widget\" data-e-type=\"widget\" data-widget_type=\"text-editor.default\">\n\t\t\t\t<div class=\"elementor-widget-container\">\n\t\t\t\t\t\t\t\t\t<p>Licenciada en Dise\u00f1o Ambiental y maestra de Ballet certificada por la Royal Academy of Dance. Su formaci\u00f3n en la danza inici\u00f3 en Ballet Studio de Alcira Alonso; luego perteneci\u00f3 a la Compa\u00f1\u00eda Ballet de El Salvador donde se desempe\u00f1\u00f3 en roles de solista.\u00a0 Continuo form\u00e1ndose profesionalmente en el Royal Winnipeg Ballet y en el Institute of Dance Saint Vital ambos en Canad\u00e1. Tambi\u00e9n realizo intercambios en el Teatro Colon en Argentina y en la American Academy of Ballet en New York. Desde hace 13 anos dirige en conjunto con su hermana Diana su propia escuela de Ballet llamada: Be a Dancer, Dance Studio.\u00a0<\/p>\t\t\t\t\t\t\t\t<\/div>\n\t\t\t\t<\/div>\n\t\t\t\t\t<\/div>\n\t\t<\/div>\n\t\t\t\t\t<\/div>\n\t\t<\/section>\n\t\t\t\t<section class=\"elementor-section elementor-top-section elementor-element elementor-element-beb91c7 elementor-section-height-min-height elementor-section-items-stretch elementor-reverse-mobile elementor-reverse-tablet elementor-section-boxed elementor-section-height-default\" data-id=\"beb91c7\" data-element_type=\"section\" data-e-type=\"section\">\n\t\t\t\t\t\t<div class=\"elementor-container elementor-column-gap-wide\">\n\t\t\t\t\t<div class=\"elementor-column elementor-col-50 elementor-top-column elementor-element elementor-element-9daf0ab\" data-id=\"9daf0ab\" data-element_type=\"column\" data-e-type=\"column\">\n\t\t\t<div class=\"elementor-widget-wrap elementor-element-populated\">\n\t\t\t\t\t\t<div class=\"elementor-element elementor-element-1ec1e87 elementor-widget elementor-widget-heading\" data-id=\"1ec1e87\" data-element_type=\"widget\" data-e-type=\"widget\" data-widget_type=\"heading.default\">\n\t\t\t\t<div class=\"elementor-widget-container\">\n\t\t\t\t\t<h4 class=\"elementor-heading-title elementor-size-default\">Diana Aranda<\/h4>\t\t\t\t<\/div>\n\t\t\t\t<\/div>\n\t\t\t\t<div class=\"elementor-element elementor-element-2a11b9d elementor-widget elementor-widget-text-editor\" data-id=\"2a11b9d\" data-element_type=\"widget\" data-e-type=\"widget\" data-widget_type=\"text-editor.default\">\n\t\t\t\t<div class=\"elementor-widget-container\">\n\t\t\t\t\t\t\t\t\t<p>Apasionada por el arte del baile desde pequena, Diana Aranda lleg\u00f3 a ser grande. Directora y fundadora de Be a Dancer, Dance Studio. Licenciada en Administraci\u00f3n de empresas y maestra de Ballet certificada bajo el m\u00e9todo del ABT American Ballet Theatre de Nueva York. Inici\u00f3 sus estudios de danza en Ballet Studio de Alcira Alonso. Form\u00f3 parte de la Compan\u00eda Ballet de El Salvador donde desempen\u00f3 papeles de primera Bailarina. Participo en diferentes competencias y festivales internacionales; su desarrollo art\u00edstico lo ha desarrollado tambi\u00e9n en Instituto Superior en artes del Teatro Colon, Argentina, American Academy of Ballet, Nueva York, Broadway Teaching Group, entre otros.<\/p>\t\t\t\t\t\t\t\t<\/div>\n\t\t\t\t<\/div>\n\t\t\t\t<div class=\"elementor-element elementor-element-7a9e231 elementor-widget elementor-widget-spacer\" data-id=\"7a9e231\" data-element_type=\"widget\" data-e-type=\"widget\" data-widget_type=\"spacer.default\">\n\t\t\t\t<div class=\"elementor-widget-container\">\n\t\t\t\t\t\t\t<div class=\"elementor-spacer\">\n\t\t\t<div class=\"elementor-spacer-inner\"><\/div>\n\t\t<\/div>\n\t\t\t\t\t\t<\/div>\n\t\t\t\t<\/div>\n\t\t\t\t\t<\/div>\n\t\t<\/div>\n\t\t\t\t<div class=\"elementor-column elementor-col-50 elementor-top-column elementor-element elementor-element-628773c\" data-id=\"628773c\" data-element_type=\"column\" data-e-type=\"column\">\n\t\t\t<div class=\"elementor-widget-wrap elementor-element-populated\">\n\t\t\t\t\t\t<div class=\"elementor-element elementor-element-97f734a elementor-widget__width-initial elementor-widget elementor-widget-image\" data-id=\"97f734a\" data-element_type=\"widget\" data-e-type=\"widget\" data-widget_type=\"image.default\">\n\t\t\t\t<div class=\"elementor-widget-container\">\n\t\t\t\t\t\t\t\t\t\t\t\t\t\t\t<img decoding=\"async\" src=\"https:\/\/onstage.com.sv\/wp-content\/uploads\/elementor\/thumbs\/fotoDiana-e1695361189972-qcrthwqqsegybdjvx7uxzd307adyuq93gefyq2zh9k.png\" title=\"fotoDiana\" alt=\"fotoDiana\" loading=\"lazy\" \/>\t\t\t\t\t\t\t\t\t\t\t\t\t\t\t<\/div>\n\t\t\t\t<\/div>\n\t\t\t\t\t<\/div>\n\t\t<\/div>\n\t\t\t\t\t<\/div>\n\t\t<\/section>\n\t\t\t\t<section class=\"elementor-section elementor-top-section elementor-element elementor-element-9bda089 elementor-section-full_width elementor-section-height-default elementor-section-height-default\" data-id=\"9bda089\" data-element_type=\"section\" data-e-type=\"section\">\n\t\t\t\t\t\t<div class=\"elementor-container elementor-column-gap-no\">\n\t\t\t\t\t<div class=\"elementor-column elementor-col-100 elementor-top-column elementor-element elementor-element-dac936f\" data-id=\"dac936f\" data-element_type=\"column\" data-e-type=\"column\">\n\t\t\t<div class=\"elementor-widget-wrap elementor-element-populated\">\n\t\t\t\t\t\t<div class=\"elementor-element elementor-element-f444b36 elementor-widget elementor-widget-template\" data-id=\"f444b36\" data-element_type=\"widget\" data-e-type=\"widget\" data-widget_type=\"template.default\">\n\t\t\t\t<div class=\"elementor-widget-container\">\n\t\t\t\t\t\t\t<div class=\"elementor-template\">\n\t\t\t\t\t<div data-elementor-type=\"section\" data-elementor-id=\"79256\" class=\"elementor elementor-79256\" data-elementor-post-type=\"elementor_library\">\n\t\t\t\t\t<section class=\"elementor-section elementor-top-section elementor-element elementor-element-62787cea elementor-section-height-min-height elementor-section-boxed elementor-section-height-default elementor-section-items-middle\" data-id=\"62787cea\" data-element_type=\"section\" data-e-type=\"section\">\n\t\t\t\t\t\t<div class=\"elementor-container elementor-column-gap-wide\">\n\t\t\t\t\t<div class=\"elementor-column elementor-col-100 elementor-top-column elementor-element elementor-element-5ee9e2fc\" data-id=\"5ee9e2fc\" data-element_type=\"column\" data-e-type=\"column\">\n\t\t\t<div class=\"elementor-widget-wrap elementor-element-populated\">\n\t\t\t\t\t\t<div class=\"elementor-element elementor-element-3802d4d8 elementor-widget-divider--view-line elementor-widget elementor-widget-divider\" data-id=\"3802d4d8\" data-element_type=\"widget\" data-e-type=\"widget\" data-widget_type=\"divider.default\">\n\t\t\t\t<div class=\"elementor-widget-container\">\n\t\t\t\t\t\t\t<div class=\"elementor-divider\">\n\t\t\t<span class=\"elementor-divider-separator\">\n\t\t\t\t\t\t<\/span>\n\t\t<\/div>\n\t\t\t\t\t\t<\/div>\n\t\t\t\t<\/div>\n\t\t\t\t\t<\/div>\n\t\t<\/div>\n\t\t\t\t\t<\/div>\n\t\t<\/section>\n\t\t\t\t<\/div>\n\t\t\t\t<\/div>\n\t\t\t\t\t\t<\/div>\n\t\t\t\t<\/div>\n\t\t\t\t\t<\/div>\n\t\t<\/div>\n\t\t\t\t\t<\/div>\n\t\t<\/section>\n\t\t\t\t<\/div>\n\t\t","protected":false},"excerpt":{"rendered":"<p>Cada vez que se abre el Tel\u00f3n el arte cobra vida! Mar\u00eda Elena Aranda Licenciada en Dise\u00f1o Ambiental y maestra de Ballet certificada por la Royal Academy of Dance. Su formaci\u00f3n en la danza inici\u00f3 en Ballet Studio de Alcira Alonso; luego perteneci\u00f3 a la Compa\u00f1\u00eda Ballet de El Salvador donde se desempe\u00f1\u00f3 en roles&hellip;<\/p>\n","protected":false},"author":1,"featured_media":0,"parent":0,"menu_order":20,"comment_status":"closed","ping_status":"closed","template":"","meta":{"footnotes":""},"class_list":["post-77864","page","type-page","status-publish","hentry"],"_links":{"self":[{"href":"https:\/\/onstage.com.sv\/index.php\/wp-json\/wp\/v2\/pages\/77864","targetHints":{"allow":["GET"]}}],"collection":[{"href":"https:\/\/onstage.com.sv\/index.php\/wp-json\/wp\/v2\/pages"}],"about":[{"href":"https:\/\/onstage.com.sv\/index.php\/wp-json\/wp\/v2\/types\/page"}],"author":[{"embeddable":true,"href":"https:\/\/onstage.com.sv\/index.php\/wp-json\/wp\/v2\/users\/1"}],"replies":[{"embeddable":true,"href":"https:\/\/onstage.com.sv\/index.php\/wp-json\/wp\/v2\/comments?post=77864"}],"version-history":[{"count":26,"href":"https:\/\/onstage.com.sv\/index.php\/wp-json\/wp\/v2\/pages\/77864\/revisions"}],"predecessor-version":[{"id":86520,"href":"https:\/\/onstage.com.sv\/index.php\/wp-json\/wp\/v2\/pages\/77864\/revisions\/86520"}],"wp:attachment":[{"href":"https:\/\/onstage.com.sv\/index.php\/wp-json\/wp\/v2\/media?parent=77864"}],"curies":[{"name":"wp","href":"https:\/\/api.w.org\/{rel}","templated":true}]}}